-24). Is y/(11/(1046694/18)) a composite number?
False
Let r be 3/(-1) + 22 + -19. Suppose r = -28*p + 23*p - 965. Let w = p - -1008. Is w composite?
True
Let t be 8 + (-2 - 0) + -1. Let s(w) = 38 - 9 - 15 - 20 + 26*w + 59*w. Is s(t) composite?
False
Suppose -3*k = 4*h + 10, 0 = 5*k - 2*h - 0*h - 18. Let l be k/(-7) - (51/(-7) + 2). Suppose 0 = 2*n + f - 526, -l*n + 3*f - 8*f = -1315. Is n prime?
True
Suppose 4*m + 3*f = 1279606 + 921721, -5*f - 550372 = -m. Is m prime?
True
Let n(p) = 3*p**2 - 40*p + 152. Let i be (0 - 1)*(4 + 33)*-1. Is n(i) a prime number?
False
Let h = 537382 - 89409. Is h prime?
False
Let m(o) = -192*o**3 + 4*o**2 - 81*o - 858. Is m(-7) prime?
True
Let k(y) = -2*y**3 + 34*y**2 + 28*y - 47. Let u be k(23). Is u/(-1) + (4 - 5) + -1 a composite number?
False
Suppose -4*z - 868737 = -3*q, -35*q - 4*z - 1158316 = -39*q. Is q a composite number?
True
Let l(k) = 2*k**3 + 10*k**2 + 7*k + 1. Let v be l(-4). Let f = 22 - 16. Suppose -790 = -z + 3*i, f*z - 791 = v*z + 4*i. Is z prime?
True
Suppose 1574939 + 7885307 = 70*s + 2635876. Is s composite?
True
Suppose 4*l = -3*j - 4, l = 5*j + 6 - 7. Let n(y) be the second derivative of -y**5/10 - y**4/12 + 1583*y**2/2 - 12*y. Is n(j) prime?
True
Let b = -30572 - -72441. Is b a prime number?
False
Let p(o) = 122*o**2 - 13*o - 378. Is p(-17) prime?
False
Let p(x) be the second derivative of 41*x**3/3 - 19*x**2/2 + 26*x + 2. Is p(40) composite?
True
Let d be (1/(-2) - 0) + (-2)/(-4). Suppose 3*s = -3*h + 9, -s + h + d = 3. Suppose s*i = 8*i - 632. Is i composite?
False
Let r be 95 + 0 - (5 - (8 + -1)). Suppose 93*d = r*d - 18188. Is d a composite number?
False
Let l(s) = -s**2 + 3*s - 3. Let f be l(0). Let z(h) = -1988*h - 71. Is z(f) a prime number?
False
Let o(h) be the third derivative of 23*h**6/144 - 3*h**5/40 - 7*h**4/12 + 3*h**2. Let c(f) be the second derivative of o(f). Is c(4) composite?
True
Let v = 217953 - 99572. Is v a composite number?
True
Let c(m) = 9*m**2 - 11*m - 107. Is c(34) composite?
False
Let p be 8/(16/(-6)) + -6. Let h = p + 11. Is (557/h)/(25/50) composite?
False
Let b = 128 + -42. Let f be 9/(-4)*(-660)/495. Suppose 0 = f*z - 5*s - 104, -z - 5*s = z - b. Is z a composite number?
True
Suppose -4*p - 6 = -2*o + 2, -o = 3*p + 1. Is (-115563)/(-133) + o/19 a prime number?
False
Suppose 1595438 - 390287 = 57*z. Is z composite?
False
Let t be 1/((3 + -2)/4). Suppose t*o + 58 + 43 = -3*d, -5*d - 5*o - 175 = 0. Is (-1846)/d*(-3)/(-2) a prime number?
True
Let r(m) = 4126*m**2 - 26*m - 71. Is r(-11) a prime number?
False
Suppose 5*s - 2*l + 405650 - 1575485 = 0, 4*l - 467958 = -2*s. Is s a prime number?
True
Suppose -2*b + 4*x - 9*x = 39516, -2*x = 8. Is (b*(4 - 3))/(-4 + 2) prime?
False
Let g(w) = -44762*w**3 - 3*w - 2. Let h be g(-1). Let u = -14522 + h. Is u composite?
False
Let t(y) = -57*y - 6. Let z be t(2). Let j be (-2)/15 - 136/z. Is 645 + 2 + (3 - j) prime?
False
Let b(j) = -j**3 - j**2 + 4*j - 1. Let c be b(-3). Suppose -c*f - 2*f = 3038. Let w = f + 671. Is w a composite number?
True
Let k = 23732 - 10787. Suppose 33*p - k = 18*p. Is p a prime number?
True
Suppose 0 = -4*f + 582 + 9666. Let w be 21882/15 - (-4 + (-76)/(-20)). Let j = f - w. Is j a prime number?
True
Suppose 4*f = -12 + 24. Suppose -13650 = -f*z - 2*z. Suppose 5*t = 10, 2*h - z = -3*t - t. Is h prime?
True
Suppose -13*a = -14*a - 3. Let b be 2163/9 + 1/a. Is b + (4 - 4) + -3 prime?
False
Let s be (-21)/2*(-5)/(15/4). Suppose -2*h + 140 = -s. Let r = 110 - h. Is r a composite number?
True
Is -10*(-27)/90*40828/12 prime?
False
Let r = -328 - -328. Is (-114900)/(-21) - (r - 3/(-7)) a prime number?
True
Let n(v) = -728*v - 44. Let c be n(-4). Let p = c - -331. Is p composite?
True
Let s = 19553 - 12601. Let u = s - 961. Is u prime?
False
Let q be -5 - ((-54)/(-42) - 4/14). Is 2638 - (1 + q) - -4 prime?
True
Let o(k) be the third derivative of 293*k**5/60 + k**4/8 + k**3/2 - 27*k**2. Suppose 0 = -8*t + 9*t + 1. Is o(t) a composite number?
False
Let s be (10/(-5) - -2)/4. Is 10/((-50)/(-93705)) - (s - 0) a composite number?
True
Suppose q + 5*l = 3*l + 14, 5*q - 48 = l. Let n(x) = -x**3 + 12*x**2 - 20*x + 5. Let v be n(q). Suppose v*r + 2*r - 2513 = 0. Is r prime?
True
Let t(z) = -4*z - 123. Let o be t(-32). Suppose 8*j - o*j = f - 130, -f + 2*j = -129. Is f composite?
False
Let r(k) = -k**3 + 17*k**2 + 20*k - 36. Let s be r(18). Suppose -8*a + 15423 + 7993 = s. Is a prime?
True
Let z(l) = -27 + 4*l + 21*l + 3. Let a = 38 - 27. Is z(a) prime?
True
Let z = -1227426 - -1922833. Is z prime?
True
Let z(a) = 308*a**2 - 2*a + 107. Is z(-5) composite?
False
Let r be (9*(-7)/14)/(1/(-1838)). Let b = r - -3550. Is b composite?
False
Suppose 5*q = 8*q - 117. Suppose -16331 = -46*p + q*p. Is p composite?
False
Let a = -41 - -20. Let l = -16 - a. Suppose l*o - 3796 = 8169. Is o prime?
True
Suppose 0 = 14*f + 6 - 34. Suppose 5*t + 10 = -5*i, -2*t + 10 = 2*t - f*i. Let s(p) = 3499*p**3 + 4*p**2 - 3*p - 1. Is s(t) prime?
True
Let z(u) = -11*u**2 + 6*u - 5. Let a(v) = -34*v**2 + 19*v - 14. Let l(r) = -3*a(r) + 8*z(r). Let g be l(3). Suppose -p + 1160 - g = 0. Is p prime?
False
Suppose -40 = 3*u - 55. Suppose -h + 1092 = -u*a, 3*a + 0*h + 660 = 3*h. Let m = a - -477. Is m prime?
False
Let a(n) = 889*n**2 - 9*n + 7. Is a(6) a prime number?
True
Suppose -847*i = -845*i + 4*p - 238986, -3*i = 3*p - 358458. Is i prime?
False
Suppose -3*s + 354451 = -5*h + 48754, 3*s - 4*h - 305697 = 0. Is s composite?
True
Let h(y) = 49*y - 7. Let n(c) = 49*c - 7. Suppose -14*b = -15*b + 7. Let k(q) = b*h(q) - 6*n(q). Is k(2) composite?
True
Let r = 7497 + 8725. Is r composite?
True
Let r = 504522 - 243931. Is r prime?
False
Let a be (0 - (-2)/((-30)/9))*-10. Let f be -1 - (15/3 - 3 - a). Suppose 1849 = f*b + 5*o - 1006, -3*o - 6 = 0. Is b composite?
True
Let i(v) = -1462*v - 5813. Is i(-21) a prime number?
True
Let f = -214877 + 570088. Is f a prime number?
True
Suppose -17*u + 1092920 = -269477. Is u prime?
True
Let x be 118/10 + 15/75. Suppose 14251 = x*r - 13553. Is r composite?
True
Let y(r) = 5*r**3 + 6*r**2 - 34*r + 2. Let s be y(10). Let j = s + -2503. Is j a prime number?
False
Suppose -13*o + 4872 = -o. Suppose -p + 2*p = -821. Let j = o - p. Is j a prime number?
False
Let o = 64463 - 24064. Is o a composite number?
True
Suppose 2 - 10 = -2*i. Suppose 5*n = q + 4444, -3900 + 340 = -4*n - i*q. Is n a composite number?
True
Let j be (4893/(-3))/(1 + 42/(-39)). Suppose -379*o - j = -386*o. Is o prime?
False
Suppose 18*o - 102175 = 1141211. Is o prime?
False
Suppose 3*b - 2*w = 4344, -3*b - 3*w + 4335 = -8*w. Let q be (472/12)/(-2)*(28 + 10 + 13). Let d = b + q. Is d a prime number?
False
Let u(y) = y + 60. Let l(n) = 2*n + 61. Let h(f) = -4*l(f) + 5*u(f). Let a be h(18). Suppose a*r - 4*m = -3*r + 1865, m = 0. Is r a prime number?
True
Let i = -2373 - -3423. Is -3 + (i - (-36)/(-6)) a prime number?
False
Suppose -3*q = -5*k - 36, 5*q - 5 + 1 = -k. Let a = 8 + k. Suppose -2*d + a + 380 = 0. Is d a composite number?
False
Is (-123939)/(-4) + ((-209)/(-44))/19 a composite number?
True
Suppose 434*d = 439*d - 136495. Is d a composite number?
False
Let q(r) = r**3 - 49*r**2 - 227*r - 124. Is q(55) prime?
False
Suppose 5*t = 410363 + 8018472. Is t composite?
False
Let x(d) = -d**2 + 17*d + 86. Let r be x(21). Suppose -n + r = 0, 15*n + 92755 = 5*i + 10*n. Is i prime?
True
Suppose 3*d + 4*q = 21, -6*d - 5*q + 29 = -2*d. Let p(b) = -26*b**2 - 33*b - 62. Let c(a) = -14*a**2 - 17*a - 30. Let l(x) = 7*c(x) - 4*p(x). Is l(d) prime?
True
Suppose 0 = -5*m + 2*x + 1372, -m - 3*x = x - 270. Suppose 284 = 2*u - m. Suppose -5*o + 2*o = -u. Is o composite?
True
Suppose -5*s - 6*f - 93790 = -9*f, -3*f = -s - 18746. Let p = 2706 - s. Is p prime?
True
Suppose -950*w = -896*w - 5558166. Is w prime?
True
Suppose 5*d + 5*m - 20 = 0, -2*d - 2*d + 2*m = 14. Let x(a) = -3028*a**3 - a**2. Is x(d) a prime number?
False
Let i(v) = 4*v**3 - 11*v**2 - 6*v - 25. Is i(8) composite?
True
Let s = 72650 - -85503. Is s prime?
False
Let f(h) = 132*h**2 + 9*h + 153. Is f(-26) a composite number?
True
Let a = 25443 - 12002. Is a composite?
False
Suppose 5*u = q + 1146709, 5*u - 649986 - 496705 = 4*q. Is u a composite number?
False
Let w = 80 + -85. Let p(j) = -3*j - 22